actor of w and v?
15
Let u(c) = -3*c + 54. Let x be u(0). What is the greatest common factor of 6 and x?
6
Suppose -1 - 9 = -2*w. Suppose -5*q = 2*d + 8 + 9, -3*d + w*q + 37 = 0. Let z be (-65)/(-26)*(-24)/(-15). Calculate the highest common factor of z and d.
4
Let n be (-9)/6*248/(-3). Suppose -3*f + n = u, -5*f = 3*u - 0*f - 360. What is the greatest common factor of u and 46?
23
Suppose 0 = -h + d + 9, 4*d - d = -h - 7. Let s(z) = z**2 - 5*z - 5. Let t be s(7). Let x = h + t. What is the highest common factor of x and 35?
7
Let q(j) = -j**3 + 7*j**2 + 10*j - 7. Let t be q(8). Calculate the highest common factor of 1 and t.
1
Let a(u) = -u**2 - 10*u - 7. Let o be a(-7). Let l = o + -7. What is the highest common divisor of l and 7?
7
Let f = 136 - 94. Let s = f - 19. Calculate the greatest common factor of s and 161.
23
Suppose 5*g - 131 = -s + 81, -4*g = -s - 166. Suppose 0*i + 12 = 3*i, -3*i + g = 3*z. Calculate the greatest common divisor of 2 and z.
2
Let v be 3 + (3 - -71) + 0. Let g = 0 + 7. What is the highest common factor of g and v?
7
Suppose 0 = -h + 35 + 19. Suppose -5*x + 46 = 3*b, -3*x - h = -2*b - 3*b. What is the greatest common factor of b and 36?
12
Let y(l) = -4*l**3 - 2*l + 4*l**3 + 7*l**2 + 3*l**3 - 6 - 4*l**3. Let z be y(6). Calculate the highest common factor of z and 126.
18
Suppose 4*v - 2*l = -34, -2*v + 0*l = l + 23. Let m be 902/15 - v/(-75). Calculate the greatest common divisor of m and 24.
12
Suppose 3*k + 0 = -12, 4*b + 4*k = 224. Calculate the greatest common divisor of b and 24.
12
Suppose -4*o = -0*o - 5*k + 19, -14 = -o - 5*k. Let z(i) = -169*i - 1. Let c be z(o). Suppose -n = -3*n + c. Calculate the highest common factor of n and 21.
21
Let n = 8 - 6. What is the highest common factor of n and 2?
2
Let t = 104 + -50. Calculate the greatest common factor of t and 6.
6
Let o(v) be the first derivative of 5*v**3/3 + 2*v**2 + 3*v - 1. Let a be o(-2). Suppose 5*s - a = 2*s. What is the greatest common factor of 25 and s?
5
Suppose -s + 110 = 4*s. What is the greatest common divisor of 198 and s?
22
Suppose -187 = -4*z - u, 2*z - u = -2*u + 91. Calculate the highest common divisor of 12 and z.
12
Suppose 0 = 4*y - 16 - 96. Calculate the highest common factor of 42 and y.
14
Let v(m) = m + 7. Suppose 18 = 4*h + 46. Let b = h + 1. Let c be v(b). Calculate the highest common factor of 3 and c.
1
Let r(z) = 2 + 9*z + 2 - 3 - 7*z. Let w be r(6). Calculate the highest common divisor of w and 13.
13
Suppose -3*g + 76 = -3*a + 2*a, -3*g = a - 86. What is the greatest common factor of 18 and g?
9
Suppose -3*j + 48 = 39. Calculate the highest common divisor of j and 1.
1
Let v be (-206)/(-14) + 12/42. Let i be 4/28 - (-297)/(-21). Let m be 14/49 - 2306/i. Calculate the greatest common factor of v and m.
15
Let k = -7 - -9. Suppose -k*r - r + 108 = 0. Suppose -4*o + 72 = -o. Calculate the greatest common factor of r and o.
12
Suppose -2*a + 2*v = -3*a - 36, 115 = -5*a + 3*v. Let x = a - -38. Let h be x*((-10)/4)/(-5). What is the highest common divisor of 2 and h?
2
Suppose -2*h + 4 + 6 = 0. Suppose -h*f - 12 = -3*g, -3*f - 5*g + 20 = -2*f. Suppose f = 6*t - 4*t - 36. What is the greatest common divisor of t and 2?
2
Let o = -62 + 70. What is the highest common factor of 16 and o?
8
Suppose -5*g = -q + 52, -q - 2*q = 3*g - 84. Calculate the highest common divisor of q and 16.
16
Let u(g) = g**3 + 10*g**2 - 16*g + 2. Let t be u(-11). Calculate the highest common divisor of 38 and t.
19
Suppose -4*p = -3*u + 4, 4*p = -u - 0*u + 12. Suppose u*v - 5 = 3*v. Suppose v + 17 = r. What is the greatest common divisor of r and 2?
2
Let t(j) = -j**2 - 16*j + 6. Let r be t(-16). Calculate the highest common factor of r and 6.
6
Suppose 41 = l + 38. Calculate the highest common factor of l and 18.
3
Let c be (1/2 - -1)*(-40)/(-6). What is the greatest common divisor of 10 and c?
10
Let o = -65 + 95. Calculate the greatest common divisor of 240 and o.
30
Let q = 6 + -6. Suppose n + 5*a - 32 = q, -2*n - 2*n = a - 33. Let j(u) = 7*u + 7. Let c be j(7). What is the highest common factor of n and c?
7
Let u(d) = 2*d**3 - 9*d**2 - 8*d - 5. Let v be u(7). What is the highest common factor of v and 23?
23
Let w be (-3 - 60/(-16))*4. Suppose -3*d = w*v - 66, -2*v - 16 = 2*v. Suppose -q + 3 = -10. Calculate the greatest common divisor of d and q.
13
Suppose -3*j = h + 4*h - 99, 0 = j + 2. Let l(f) = f**3 - 3*f**2 + f. Let b be l(1). Let v = b + 15. What is the greatest common factor of v and h?
7
Suppose u - 2*k = -3*u + 138, -3*u + 86 = 2*k. Let v = -11 + 11. Suppose y - 3*s + s + 4 = v, -5*y + u = 3*s. Calculate the highest common divisor of y and 16.
4
Let a(c) = 3*c**2 + 14*c - 10. Let n be a(-14). Let q = n - 192. What is the greatest common divisor of q and 19?
19
Suppose -3*h + 24 = 2*y, 2*y - 18 = -0*h - 2*h. Let d be -5*(1 - -1)/2. Let b = h + d. What is the greatest common divisor of 5 and b?
1
Let q = 66 + -21. Suppose 2*w - f = -0*f + 21, 0 = -4*f - 12. Calculate the highest common factor of w and q.
9
Let w(c) = -c**2 + 12*c - 20. Let l be w(6). What is the highest common divisor of l and 48?
16
Let o be 26/143 - 216/(-22). What is the greatest common divisor of o and 15?
5
Let z(b) = -b + 2. Let s be (-44)/6 - (-18)/(-27). Let f be z(s). What is the greatest common divisor of f and 5?
5
Suppose 4 = -2*s + 4*j + 34, 0 = -s - 4*j + 15. Calculate the highest common factor of s and 40.
5
Let h = 8 - 10. Let r be 2 + -3 + (-5 - -1). Let s be ((-52)/(-5))/(h/r). Calculate the greatest common factor of s and 39.
13
Let z be 45/9*(-3)/(-5). What is the greatest common factor of z and 15?
3
Suppose 4*n + a - 25 = 3*n, 3*a - 123 = -5*n. Calculate the greatest common factor of 168 and n.
24
Suppose 0*u - 2*u - 5*s + 211 = 0, -5*s = 4*u - 427. Suppose 0 = -2*y - 5*r + 19, -5*y - 4*r + 57 = -r. What is the greatest common factor of y and u?
12
Let f be (-10)/(-4)*(-5 + 1). Let k be f/(-5) + 0/1. Suppose -136 = -4*g + 2*r, -4*r = g - k*g + 34. What is the greatest common divisor of g and 85?
17
Let s be 4449/(-33) + 4/(-22). Let g = s + 252. Calculate the highest common factor of 13 and g.
13
Let v be -6 + 9/3 + 53. Suppose 4*c - 44 = -2*r, -2*r = 3*r - 2*c - 98. What is the greatest common divisor of v and r?
10
Suppose -5*t - 4 = 11, -2*d - 5*t = -271. Let h = -7 - -20. Calculate the highest common divisor of d and h.
13
Let t(s) be the first derivative of -2*s + 7/2*s**2 - 3. Let o be t(2). What is the greatest common divisor of o and 6?
6
Suppose 4*t + 3 - 14 = -5*x, -2*t + 5*x = -13. What is the highest common divisor of t and 28?
4
Let f = 13 - 8. Let k(v) = 4*v + 1. Let b be k(f). What is the highest common divisor of 21 and b?
21
Let f = 2 - 4. Let b be (1/(-2))/(f/20). Suppose 0*v + 119 = b*v - j, -3*j + 3 = 0. Calculate the greatest common factor of v and 8.
8
Let j(y) = 6*y**3 + 2*y**2 - 2*y + 2. Let x be j(2). Suppose 3*w + 13 = 40. What is the highest common factor of x and w?
9
Suppose 7*y - 4 = 9*y. Let t(i) = -i**3 - 9*i**2 - 2*i - 4. Let u be t(-9). Let l = u - y. Calculate the highest common divisor of 24 and l.
8
Let o(x) = -7*x**2 - 2*x + 2. Let k be o(2). Let u = k - -51. What is the highest common factor of u and 231?
21
Suppose -5*j = -2*k + 7, -k + 5*j = -4*k - 2. Let q(m) = 11*m + 1. Let o be q(k). Suppose -7*s = 5*s - 72. Calculate the greatest common divisor of o and s.
6
Suppose t - 36 = 5*t. Let l(d) = -5*d. Let q be l(t). Calculate the highest common factor of q and 18.
9
Suppose -3*m = 3*m - 144. Calculate the greatest common factor of m and 84.
12
Let a(m) = 33*m**2 - m. Let y be a(-1). What is the highest common factor of 51 and y?
17
Let t = 88 - 79. What is the greatest common divisor of 45 and t?
9
Let a(c) = c**2 - 4*c + 3. Let f be a(4). Let b be (f/(-4))/(3/(-24)). What is the greatest common divisor of b and 24?
6
Suppose -3*x + t = x - 10, -3*t = 3*x - 15. Calculate the highest common divisor of 2 and x.
1
Let t be (0 + 3)*1/(-3). Let q(j) = -43*j**3 - 2*j**2 - 2*j - 1. Let k be q(t). Let h(i) = 5*i. Let x be h(21). Calculate the highest common divisor of k and x.
21
Let t = -11 + 19. Let m(u) = u**2 + 10*u - 32. Let l be m(-14). Calculate the greatest common factor of t and l.
8
Let b be (-234)/15*